d + 34997 = 0, -r*p = -p + 2*d + 21006. What is the tens digit of p/(-49) + -1 + 24/21?
4
Let i = 214 - -6936. What is the thousands digit of i?
7
Suppose -5*h = -22*h + 154366 + 433630. What is the tens digit of h?
8
Let g be 1672/(-8) - 8 - -1*5. Let w = 317 + g. What is the hundreds digit of w?
1
Suppose -2*w + 2396 = 3*f, -4*w + 1295 = 3*f - 3497. Let c = w + -773. What is the hundreds digit of c?
4
Let g(w) = 3*w**3 - 61*w**2 - 69*w + 192. What is the tens digit of g(28)?
9
Let p(v) = -28*v - 2. Let n = -44 - -41. Let t be 6/n*1 + -2. What is the units digit of p(t)?
0
What is the hundreds digit of 29/(5214/(-18298) + -30*11/(-1155))?
9
Let d(l) be the third derivative of 1/60*l**5 - 1/12*l**4 + 0*l - 11/6*l**3 + 0 + 8*l**2. What is the tens digit of d(-6)?
3
Let y be (20/(-18))/5 - (-100)/45. What is the tens digit of (-22125)/(-30) + (25/y)/(-5)?
3
Suppose 118*k + 120 = 133*k. What is the hundreds digit of ((-15)/(-12)*-222)/((-4)/k)?
5
Let o(h) = h**3 - 20*h**2 + 29*h - 26. Let r be ((-77)/(-4))/((-24)/(-192)). Let f = r - 135. What is the tens digit of o(f)?
6
Let z be (-6)/((-35)/(-50) + -1). Suppose -13*d + 17*d = z. Suppose -4*a - 168 = -4*r, d*r - 4*a - 90 = 3*r. What is the units digit of r?
9
Let c(y) = -21229*y + 387. What is the tens digit of c(-2)?
4
Let a = 311 + -307. What is the units digit of 234 - ((-12)/8)/((-2)/a)?
1
Suppose 135770 + 26997 = 11*c - 77759. What is the tens digit of c?
6
Let z(r) = -2*r + 18. Let x be z(-7). Let d = x - 30. Suppose -h - d*n = 2*h - 34, -n = 1. What is the units digit of h?
2
Let n = 0 - -18. Let k(b) = -n + 37*b + 11 - 12 - 39*b. What is the units digit of k(-10)?
1
Suppose 166*r - 5*t = 168*r - 19681, 0 = -3*r - 4*t + 29504. What is the hundreds digit of r?
8
Let j(t) = -1548*t + 11222. What is the hundreds digit of j(7)?
3
Let p = -499 + 5094. What is the hundreds digit of p?
5
Suppose -14982 = -15*v + 37696 + 7607. What is the units digit of v?
9
Let x be (18 + -15)*(-268)/6. Let j be ((-582)/8)/(3/12). Let i = x - j. What is the hundreds digit of i?
1
Let n(m) = -m**3 - 5*m**2 + 12*m + 17. Let s = -87 - -87. Let o be (s - -21)*1/(-3). What is the units digit of n(o)?
1
Suppose 0 = -7*k - 992 + 3484. Suppose -4*h = -2*c + 3 - 1, 2*h + 4 = 2*c. Suppose w - 79 - k = -5*s, c*s - 2*w = 261. What is the units digit of s?
7
Suppose -155*s + 540587 = -6484788. What is the thousands digit of s?
5
Suppose -2*v - 2 = 0, -2 = -3*q + 8*q - 3*v. Let g(x) = 9*x**2 + x. Let f be g(q). Suppose -f = -8*n + 96. What is the units digit of n?
3
Suppose b = -1 - 7. What is the units digit of (-13016)/(-42) + 4/(-336)*b?
0
Suppose -3*g = 4*w - 14, 2*w = -4*g + w + 36. What is the units digit of (116 + -26)*g/2?
0
Let f(n) be the second derivative of n**4/12 - n**3/2 - 57*n**2/2 + 2*n + 2. What is the tens digit of f(-17)?
8
Suppose 5*c + 422 + 1933 = 0. Let p = c + 672. What is the tens digit of p?
0
Suppose 1788 = 9*g - 1092. Suppose 0 = -331*b + g*b + 15070. What is the thousands digit of b?
1
Let u = -132 - -89. Let p = 32 + u. What is the units digit of (0 + 1)/(p/(-143))?
3
Suppose 17*m - 420 = 12*m. Suppose -588 + m = -3*c. Suppose 177 = 5*x - c. What is the tens digit of x?
6
Suppose -1613*w + 288490 = -1596*w. What is the ten thousands digit of w?
1
Suppose 2 = 2*j - 2. Let c(d) = 159*d + 163. Let i be c(-1). Suppose 26 = j*k + i*x, -47 = -k - k + 3*x. What is the units digit of k?
9
Suppose 2*r = -11*w + 10*w + 417, -2*r = 3*w - 1243. Suppose 20*h = w + 4367. What is the units digit of h?
9
Let g be (-6)/45 - (-12)/90. Suppose g = s - 4*s + 1488. What is the units digit of s?
6
Let n(p) be the second derivative of -p**3/2 - 43*p**2/2 + 33*p. Let c be n(-14). What is the tens digit of (-5)/c*498/15?
6
Suppose 1492991 = 165*t - 2670847 - 502857. What is the hundreds digit of t?
2
Suppose -138*z = -665*z + 50241018. What is the hundreds digit of z?
3
Let i(f) = 22*f**3 - f**2 + 3*f - 4. Let a(u) = -21*u**3 + 2*u**2 - 2*u + 6. Let l(k) = -4*a(k) - 3*i(k). What is the tens digit of l(4)?
5
Let i(j) = 210*j**2 - 4*j + 178 + 201*j**2 - 410*j**2. What is the units digit of i(0)?
8
Let i be (-10356)/(-14) - 0 - (-96)/336. Suppose -8*d = -i - 380. What is the units digit of d?
0
Suppose 36*k + 20 = 41*k. Suppose k = 2*f - 3*f. What is the hundreds digit of f + 108 + (-12)/(-4)?
1
Suppose 52*z - 8*z = -9152. Suppose 2*w + 3*w - 5*n = 1740, 3*n = w - 338. Let l = w + z. What is the tens digit of l?
4
Let r(c) = 1970*c - 5129. What is the units digit of r(43)?
1
Suppose g = 5*f + 56, -9*g + 14*g - f - 184 = 0. What is the hundreds digit of g/60*(891 - 1/1)?
5
Suppose -5*l = 7*l - 120. Let d be -2486*((-15)/l - 0). Suppose 15*b - d + 1479 = 0. What is the tens digit of b?
5
Let s(c) = 2*c**2 - 9*c - 40. Let k be s(-8). What is the units digit of ((-12)/150*-85 + -2)*k?
8
Let z(x) = 24*x**2 - 139*x + 996. What is the units digit of z(54)?
4
Let d(g) = -27*g + 216. Let k be d(8). Suppose -9*r - 4729 = -14*r + 4*q, 2*r + 4*q - 1886 = k. What is the tens digit of r?
4
Let s = 11505 + 45735. What is the ten thousands digit of s?
5
Let q(k) = -17*k**3 + 4*k**2 + 17*k + 136. What is the hundreds digit of q(-7)?
0
Let r be ((-3)/(-2) - 3)/((-6)/4). Let a be 816/17 + -1*2/r. Suppose -16 = 10*v - a. What is the units digit of v?
3
Let l(u) = -11*u - 226. Let m be l(11). Let o be (97 + 5)/((-6)/(-32)). Let v = o + m. What is the hundreds digit of v?
1
Suppose f = -3*b + 264, 3*f - 812 = 4*b - 8*b. Let m = 552 - f. What is the units digit of m?
6
Let k(z) = 223*z**3 - 23*z**2 + 31*z - 108. What is the units digit of k(4)?
0
Let s(v) = -5*v**2 - 4*v + 55. Let b be s(6). Let q = b + 170. What is the tens digit of q?
2
Suppose 12765 = 10*x - 8535. Suppose x = -51*m + 53*m. What is the hundreds digit of m?
0
Suppose -3*j + 14 = -d, -9 = 2*j - 0*d + 3*d. Suppose -j*q + 2*q + 429 = 0. What is the units digit of q?
9
Suppose k = 3*b + 4*k - 558, -b + 2*k = -186. Let i be ((-212)/(-8)*5)/(15/6 + -2). Let s = i - b. What is the units digit of s?
9
Let s = 16165 - 2625. What is the tens digit of s?
4
Suppose -4*z = -3*o - 6*z + 1, -o + z = 8. Let u be (9/o - -1)*41. Let v = 131 + u. What is the units digit of v?
9
Suppose -t - 16 + 73 = 0. Let a = -52 + t. Suppose a*y - 63 - 287 = 0. What is the tens digit of y?
7
Suppose 5*i - 14 = -34. Let z be 5404/49 + i/14. Suppose -z = -v + 64. What is the units digit of v?
4
Suppose 5*z = -3*d + 15, -3*d + 6*z - z + 45 = 0. Suppose -2*s + d = 2. Suppose 3*p - s*p = -84. What is the tens digit of p?
8
Suppose -99 = -59*v + 50*v. Let j(c) = 3*c**3 - 26*c**2 + 2*c - 20. What is the tens digit of j(v)?
4
Let q(x) = 6*x**2 - 41*x - 278. What is the thousands digit of q(-43)?
2
What is the hundreds digit of ((-5)/((-210)/(-63)))/(9/(-122538))?
4
Suppose 198*h + 73117 = 215*h. What is the hundreds digit of h?
3
Let d = 139 - 151. What is the tens digit of 77 + -3 - 2/d*-6?
7
Let k(l) = 55*l - 29*l - 34*l + 23. Let h be k(-12). Suppose c - h = -t, -5*t + 2*c + 0*c = -602. What is the units digit of t?
0
Let m = 431 - 635. Let z = m + 270. What is the tens digit of z?
6
Let a be 4/8*(-6 - -12). Let w(b) = 7*b + 5. What is the tens digit of w(a)?
2
Let q = 13472 - 8178. What is the hundreds digit of q?
2
Let q(l) = 50*l - 2. Let t(o) = o**3 + 11*o**2 + 10*o + 4. Let k be t(-10). Let u be q(k). Suppose -u = -7*g + 131. What is the tens digit of g?
4
Suppose -146*d - 101475 = -92*d - 997713. What is the hundreds digit of d?
5
Let s(w) = -w**3 - 57*w**2 - 434*w + 15. What is the hundreds digit of s(-50)?
2
Let w be 28 + -27 - (101 + -1). Let l = 699 + w. What is the tens digit of l?
0
Let w(d) = 2*d**2 - 10*d + 16. Suppose 0 = 4*o - 57 - 15. Let v be 94/o + 6/(-27). What is the tens digit of w(v)?
1
Suppose d - 16374 = 5*v, 3*v - 65496 = -4*d - 2*v. What is the units digit of d?
4
What is the tens digit of -93*(-574)/(-42)*-5?
5
Suppose -13493 = -n + 3*r, -3*n - r = -34459 - 5990. What is the thousands digit of n?
3
Let g = -14 + 12. Let c be (-2156)/(-18) + (-5)/(45/g). Suppose 5*i + c = 10*i. What is the tens digit of i?
2
Let s = 8472 + 25106. What is the units digit of s?
8
Suppose 0 = -251*j + 254*j - 60210. Suppose j = 46*l - l. What is the units digit of l?
6
Suppose -65*p + 46*p = 0. Suppose 